 d = 30 + -27. Let o be 1 + 0 - (d - (0 - -5)). Calculate the greatest common divisor of w and o.
3
Let j(a) = 3*a - 8. Let m be j(6). Suppose m = 2*l - 0*l. Suppose 5*q = 5, -24*u - q = -26*u + 39. What is the greatest common factor of l and u?
5
Suppose 0 = 2*q + l - 19, -l + 13 = q + 1. Suppose -6 = q*a - 41. What is the highest common factor of 5 and a?
5
Suppose 3*b = 2 - 14. Let t be b/18 + (-12180)/(-135). Calculate the highest common factor of 10 and t.
10
Suppose -4*y = -2*o + 157 - 951, -2*y + 409 = 3*o. Let i = 70 - 30. What is the greatest common divisor of y and i?
40
Let p = -8 + 17. Suppose p*f - 2 = 7*f. Calculate the greatest common divisor of f and 4.
1
Suppose 5*n = 7 + 13. Suppose -2*u + 4*u - 35 = k, 4*k = -n*u + 100. What is the greatest common factor of u and 20?
20
Let y be (-1)/4*2 - (-90)/20. Suppose -300 = -9*t + y*t. Calculate the greatest common divisor of t and 20.
20
Suppose -38*h + 29*h + 297 = 0. What is the greatest common factor of 209 and h?
11
Suppose -15*t + 22*t = 77. What is the highest common divisor of t and 253?
11
Let f be (-4 + 4)/(1 - 2). Suppose f*b + 15 = 5*b. Suppose b*n - 7*n = -8. What is the highest common divisor of 16 and n?
2
Let s(c) = 16*c - 4*c + 8*c**2 + 7 - 7*c**2. Let o be s(-9). Let m be (o/(-12) - 2)*-12. What is the highest common factor of 16 and m?
4
Suppose -3*i - 6 = -24. Let a(r) = 9*r + 105. Let m be a(-11). Calculate the highest common divisor of m and i.
6
Let b(x) = -x**2 + 5*x + 2. Let p be b(4). Suppose -j + 28 = p. Calculate the highest common factor of j and 11.
11
Let z = 34 - 30. Suppose -z*v + 111 = 3. Let y be v - 3 - (-6)/(-3). What is the greatest common factor of 55 and y?
11
Let t = 131 - 62. Let x(i) = 12*i**2 - i. Let k be x(2). What is the highest common divisor of k and t?
23
Let l(c) = c**3 - 6 - c**2 - 4*c - 2*c**3 + 0*c**2 - 3*c**2. Let n be l(-4). Suppose -7*k - 150 = -n*k. Calculate the highest common factor of k and 10.
10
Let l be (-9)/6 - (-33)/6. Suppose -4*j = -9*j + 80. What is the greatest common divisor of l and j?
4
Suppose -5*s = -3*s + 2*x - 76, -5*x - 230 = -5*s. Suppose -3*b + s = -4*d, 6 = 3*d - d. Let t be 5*(-1 + 28/20). What is the greatest common factor of t and b?
2
Suppose 9*h = 13*h - 352. What is the greatest common divisor of 11 and h?
11
Let b(d) = -4*d**2 - 8*d + 9. Let o(f) = f - 1. Let v(k) = -b(k) - 4*o(k). Let t be v(-4). Calculate the greatest common factor of 430 and t.
43
Suppose -4*n + 9 - 1 = 4*o, 4*n = 12. Let u be 3 - (1 - -24)*o. Suppose -2*r - 4 + u = 0. What is the highest common divisor of r and 84?
12
Let u(y) = 1 + 0 - 1 + 1. Let o(n) = 2*n - 8. Let q(k) = o(k) + 6*u(k). Let m be q(3). Calculate the highest common factor of m and 44.
4
Let l(s) = s**2 + 20*s + 16. Let p be l(-14). Let g = -2 - p. What is the highest common factor of 88 and g?
22
Suppose 5*f - 731 + 201 = 0. Suppose 2*n = -6*i + 3*i + f, 2*n = 10. Calculate the highest common divisor of 4 and i.
4
Let p be (-291)/(-9) + (-2)/6. Suppose 0 = -2*k + p - 12. Let f = -4 - -44. What is the greatest common divisor of f and k?
10
Let s(l) = -119*l + 387. Let u be s(-27). What is the highest common divisor of u and 60?
60
Let z = -43 - -71. Suppose m - z = -m. What is the highest common divisor of 28 and m?
14
Let v = -1591 - -1816. Calculate the highest common divisor of 36 and v.
9
Let u = 88 - 35. Let z = 79 - u. Let f = z + -17. What is the highest common factor of 54 and f?
9
Suppose -7*i - 204 = -2374. Suppose 4*s - k = 238, -5*s = 6*k - k - i. What is the highest common factor of s and 12?
12
Let a = 397 - 159. Let v(z) = -4*z - 22. Let b be v(-14). Calculate the greatest common factor of b and a.
34
Let a(c) = -5*c**2 - 6*c - 8. Let h be a(-4). Let r = -54 - h. Suppose 201 = 3*y + 5*t + 71, 5*y - 2*t - 258 = 0. What is the greatest common factor of r and y?
10
Let y be -3 + (55 + 0)/(11/11). Calculate the greatest common divisor of 32 and y.
4
Suppose -3*h + 3*x + 55 = -2*x, -5*h = 4*x - 104. Let l be (8/h)/(24/(-25) + 1). Calculate the highest common factor of 5 and l.
5
Let h be (240/(-36)*-27)/(2 - 1). Calculate the highest common factor of 340 and h.
20
Let x(d) = -d**3 + 11*d**2 - 6*d - 1. Let y be x(10). Let g be (-2 + 6)/(84/y - 2). Calculate the highest common factor of g and 130.
26
Let j be (-5 + 10 + 2)*1. Calculate the greatest common factor of j and 77.
7
Let b = -15 - -15. Suppose b = 3*w - 4*w + 7. Suppose -a - 5*n + 11 = 0, -3*a + 2*n + 26 = -w. What is the highest common divisor of a and 77?
11
Suppose -5*i + s + 13 = 0, 4*i - 2 = -4*s + 2*s. Suppose -2*b = -4*a + 8, -a + i*b - 7 = -2*a. Calculate the greatest common factor of 9 and a.
3
Let t(a) = a**3 + 29*a**2 + 79*a + 51. Let u be t(-26). Let o(m) = 5*m**2 - 11*m + 7. Let v be o(7). What is the greatest common factor of u and v?
25
Let a(o) = o**2 + 2*o - 70. Let c be a(8). Let x = -4 + c. Calculate the greatest common divisor of 8 and x.
2
Suppose -3*o - 123 + 37 = -p, -3*p = 5*o - 286. Calculate the greatest common factor of p and 23.
23
Let b = -4 - -8. Suppose 4*f = x - 19, f + 4 = b*x - 12. Suppose k - 100 = -5*r, -x*k = k + 3*r - 400. What is the highest common factor of k and 25?
25
Let n = 4 - 0. Suppose 0*x - n*x = -3*a - 4, x = 4. Suppose -3*m = -4*o - 32, -2*o = -m - a*o + 4. Calculate the highest common divisor of m and 64.
8
Suppose 75 = 7*y - 163. Calculate the highest common divisor of 1054 and y.
34
Let c(h) = h**3 + 3*h**2 - 3*h + 3. Let j be c(-3). Suppose g + 2 = -3, -3*g - 357 = -2*f. Let z = f + -147. Calculate the greatest common divisor of z and j.
12
Suppose 1 + 15 = 2*d. Suppose -17*x + 387 = -d*x. What is the highest common divisor of 215 and x?
43
Suppose 0 = 2*k - 3*k + 2. Suppose 21 = -k*a + 5*n, 4*n + 20 = 8*n. Suppose -5*z + 69 = a*h, -18 = -h + 3*z + 11. What is the highest common factor of 4 and h?
4
Let h = 293 - 140. Let z be 2 + -5 - (-103 - 2). Calculate the greatest common divisor of z and h.
51
Let g(q) = -5*q + 69. Let k be g(11). Suppose -4*f = -3*f - 112. What is the highest common divisor of k and f?
14
Suppose -3*k = -d + 54, -k + 22 = -3*k - 4*d. Let w = 21 + k. Calculate the highest common divisor of w and 20.
4
Suppose 3*v + 2*v + 2 = -p, -5*p = 5*v - 10. Suppose -2*k - k = -p. Calculate the greatest common factor of k and 3.
1
Let n be 6/(-36)*-194 + 2/(-6). Suppose 36*c - 40*c = -n. What is the highest common divisor of c and 152?
8
Suppose 0 = -2*y - y + 45. Suppose -3*z = -34 - 11. What is the highest common divisor of y and z?
15
Let u(t) = -t**3 - 7*t**2 + t + 9. Let n be u(-8). Let w = 64 + -38. Calculate the highest common factor of w and n.
13
Let b = 7 + -12. Let z(n) be the first derivative of n**2/2 + 6*n - 11. Let d be z(b). What is the greatest common factor of d and 5?
1
Let y(h) be the second derivative of -h**4/12 - h**3 - 2*h**2 + h. Let v be y(-6). Let r = v - -24. What is the greatest common divisor of r and 100?
20
Let a(d) = -21*d - 7 + 6*d**2 - 10 + 2 + 20*d. Let n be a(8). Calculate the greatest common factor of 19 and n.
19
Let w be ((-6)/5)/((-249)/244435). Calculate the greatest common divisor of 114 and w.
38
Let j = -701 + 703. What is the highest common divisor of 26 and j?
2
Let h be -7*(4/22 - (-584)/(-308)). Suppose -4*t + 56 = 4*w - 0*w, 0 = 3*t - 6. What is the highest common divisor of h and w?
12
Let k(b) = 3*b**2 - 15*b - 15. Let w be k(-11). Calculate the greatest common divisor of w and 27.
27
Let t = -2 + 14. Let o be (-25)/(-6) + (-11)/66. Suppose o*h = -4*g + 32, -3*h + 5*g = -7*h + 36. What is the highest common factor of h and t?
4
Let s(n) = 2*n**2 + 50*n + 23. Let j be s(-20). Let q = -95 - j. Calculate the greatest common factor of 41 and q.
41
Let d(p) = p**2 - 5*p + 21. Let b be d(5). What is the highest common divisor of b and 119?
7
Suppose v = 2*h + 4*v - 95, -3*v + 150 = 3*h. Calculate the greatest common divisor of 44 and h.
11
Let y be (10 - -3)/(2/(-2)). Let s = -3 - y. What is the greatest common divisor of 70 and s?
10
Let k = 2328 - 868. Calculate the highest common divisor of k and 20.
20
Let y be 11/(-5) + (-15)/(-75). Let w be y/((-5)/30 - 0). Calculate the greatest common factor of w and 84.
12
Suppose 4*v + b - 57 = -10, v + 4*b = 23. Calculate the highest com